 - ((8 - 14) + 4) - (0 - -4)
-9
What is -17 - (2 + -7 + 7 + -3) - 0?
-16
Calculate (3 - 0) + -59 + (12 - -40).
-4
Calculate (-7 - -6) + 4 + -2 + 3.
4
Calculate (-3 + 1 - (15 + -19) - -3) + -14.
-9
Evaluate -4 + -12 - (18 + -36).
2
Calculate 2 + 1 + (-40 - (4 - 41)).
0
What is the value of -2 + 2 - (0 + -1 + (6 - 11))?
6
Calculate (-7 - (-7 + -3 + 6)) + 139 + -150.
-14
5 - 22 - (-3 + -10)
-4
(0 - 13) + -6 + -1 - (-8 + 2)
-14
8 - (20 + 3 - (-17 + 20))
-12
Evaluate 10 - (-20 + 15) - 16.
-1
1 - ((-8 - (7 + -7)) + 16)
-7
What is 0 - (5 + 9 + -39 + 8 + 10)?
7
Evaluate 31 - (14 + 42) - (10 + -2 + 1).
-34
Evaluate 5 + (16 - (0 + -2 - (60 - 69))).
14
Evaluate 16 + (-18 - 0) - 0.
-2
Evaluate 1 + 7 + -1 + (0 + -62 - -63).
8
-7 + 6 - (100 + -97)
-4
-5 - (17 - (-8 - -3))
-27
Calculate (-30 - -51) + -39 + 12.
-6
What is 27 + -50 + 20 - (1 - (10 + 3))?
9
What is 12 - (4 - (-16 - -7)) - (-11 + 1)?
9
Evaluate 12 + (9 + -12 - -5 - 1).
13
(-6 - -2) + 11 + -1 + -21
-15
Calculate 39 + 27 + -28 + -3.
35
Evaluate -9 - (0 + -2 + 3 - (-1 - -4)).
-7
Evaluate (-1 - 6) + -36 + (150 - 77).
30
Evaluate 0 + -23 + -1 + 14.
-10
What is the value of -14 + 3 - (7 + 8 + -24)?
-2
Evaluate 0 + 2 - (-78 + 81) - -16.
15
Evaluate 13 + (-2 - (11 + -7)).
7
Evaluate -1 + 4 + (2 - -3 - (25 - 2)).
-15
What is the value of (-6 - (2 - 5)) + 3?
0
Evaluate -26 - (-1 - (3 + -3) - (-43 + 43)).
-25
Evaluate -12 + -2 + -3 + 4 + 7.
-6
Calculate (40 - (53 - -5)) + (-5 - 0).
-23
Calculate (-23 + 18 - 33) + 23.
-15
What is the value of -2 - (-5 + (-9 - (-19 + 3)))?
-4
What is the value of -13 + (38 - 11) + 0?
14
19 + -2 + -16 + -6 + 3
-2
What is the value of 42 + 31 + (15 - 67)?
21
Calculate 3 - ((3 - 6 - -3) + 0 + -7).
10
What is 195 + -183 - (2 - 10)?
20
What is the value of 2 - (19 + -9) - -17?
9
Calculate 2 + (7 - 22) + -8 + 21.
0
15 - ((-2 - 5) + -9) - 5
26
(4 - (1 + -1)) + (-17 + 8 - -16)
11
What is 13 + (-20 - (4 - 8) - -7)?
4
Evaluate (0 - -1) + 16 + 113 + -44 + -69.
17
Calculate -7 - (-17 + -5 - -16).
-1
Evaluate -30 + -1 - -15 - -58 - 17.
25
What is the value of (15 + -12 + -5 - -1) + -2 + 6?
3
Calculate (-2 - 33) + (56 - 34).
-13
What is (-5 - 22) + (48 - 21)?
0
What is 0 + 0 - (-158 - -165)?
-7
(-10 - (2 - 1)) + (-7 - (15 - 17))
-16
What is the value of 7 + -1 + 1 - (54 + (-58 - -7))?
4
5 + (-14 - -12 - 3)
0
What is -56 - -41 - (-17 - 2)?
4
What is (7 + 9 - 11) + 5 + -12 + 4?
2
Calculate -11 - (18 - 29) - 16.
-16
What is 91 + -51 - 26 - (24 + -1)?
-9
What is the value of -15 - (-18 - (-4 - 5)) - 4?
-10
3 - 10 - (2 + 33 + -16)
-26
0 + 73 - (3696 - 3648)
25
What is the value of -5 + 20 + (-8 - (-4 + -1))?
12
What is (-2 - (2 - 5)) + (41 + 14 - 27)?
29
What is the value of (5 - 0) + (-9 - (-29 - -11)) + -3?
11
Evaluate (264 - 270) + (-1 - -13).
6
(46 - 66) + 30 + -3
7
Evaluate -19 - (9 - (-8 - -10) - 11).
-15
-11 + (143 + -109 - (7 - -1))
15
Evaluate -13 + 8 + 5 + 8.
8
Evaluate -233 + 230 - (-5 - 0).
2
Evaluate 2 + -5 + -1 + 27 + -8 + -6.
9
What is 1 - 5 - (-19 + 15 + 0 + -3)?
3
Calculate -16 - 11 - -7 - -16.
-4
Calculate -35 - (-31 - (0 + -5)).
-9
What is 7 - (6 + (-2 + 3 - (22 - 10)))?
12
Calculate (-23 - (-5 + 13)) + (-18 - -29).
-20
What is (1 - 5 - -4) + 7 + (-214 - -205)?
-2
Evaluate -11 + 0 - (-8 + 0).
-3
Calculate (-31 - -36) + 6 + -1 - 32.
-22
What is the value of (-14 + 9 - -7) + -4 + -4?
-6
What is the value of 1 - (6 + 5 + -7 + 1)?
-4
Evaluate -7 + (21 - (-17 + 13)).
18
-3 + 2 - 3 - (32 + -21 - 11)
-4
What is the value of (-2 - -1) + (-8 - (-5 + 3 - 9))?
2
Evaluate -6 - (-2 + (0 - (8 - (10 - -3)))).
-9
47 + -45 + -10 + 40
32
What is -46 + (0 - -10 - -6) + (-4 - -14)?
-20
Evaluate (10 - 23) + (22 - -8).
17
What is -13 + ((-24 - -12) + 6 - 1)?
-20
(11 + -16 - 1) + 12 + -5
1
What is -10 - (6 + (-1 - 9))?
-6
Evaluate (-8 - -3 - -10) + 5 + -6.
4
What is -1 - -7 - 12 - (-9 - -3 - -9)?
-9
Evaluate 0 + (26 - (34 - -1) - (-1 - 28)).
20
What is the value of (-13 - -10) + 33 + -24?
6
What is (1 - -2) + -88 + 84 + 4 + -24?
-21
(-20 - -33) + -6 + 0
7
What is the value of 7 + (3 - (35 + -16))?
-9
Evaluate 2 + -6 - (-50 + 55 + -8 + 3).
-4
28 + (-10 - -5) + -21 + (-2 - -18)
18
(41 - (20 + -7)) + -40
-12
Evaluate -6 - (-12 - -12 - 19).
13
Calculate (6 - -9) + (1 + -24 - -7).
-1
Calculate -25 + 30 + 3 + -4 + 7.
11
What is the value of -4 + 0 - (8 + -21 + 4 + 3)?
2
Evaluate (8 - 1) + 6 + (-26 - -22).
9
Evaluate -20 - (20 + (0 - 5) - 2).
-33
What is (-11 - -16 - -5) + 8 - 9?
9
What is the value of (-231 - -214) + (-2 - -18)?
-1
Evaluate 5 + -5 + -13 + (7 - 1).
-7
What is the value of (-31 - -21) + (21 - 2) - -3?
12
9 + (2 - 3 - (4 + 0) - -19)
23
Evaluate 28 + -2 + (129 - 172).
-17
-27 - 16 - (2 - 17)
-28
What is the value of (0 - 0) + (11 + (4 - 0) - 8)?
7
-1 + 19 + (-391 - -364)
-9
Evaluate (1 - 0) + 7 - (79 + -56).
-15
Evaluate (-26 - (-23 + 48)) + 36.
-15
Calculate -2 + 30 + -16 + 3 + 3.
18
(3 - -7 - (47 - 63)) + -14
12
What is the value of (-1 - 0) + -7 + 11 - (3 + -11)?
11
What is 12 + -16 - (-8 + 1)?
3
What is the value of 16 - -1 - (-582 + 598)?
1
What is (13 + -1 - 35) + 8 + 10?
-5
Evaluate 0 - 23 - (-173 + 135).
15
(4 - (38 - 10)) + 4
-20
(-8 - (-5 - -10)) + 25
12
Evaluate 34 + 9 + -45 - -27.
25
What is the value of (0 - -21) + 431 + -436?
16
(7 - (15 - 5)) + -5
-8
Evaluate -7 + (17 - 24 - ((5 - 5) + -10)).
-4
Calculate -10 + 12 - (-7 + 2 + 10).
-3
Evaluate 17 - (4 - (-8 - (-12 + 5))).
12
5 - (2 + 1 + -3) - (1 - -2)
2
Calculate 38 + 5 + -24 + -30 - 9.
-20
Evaluate 10 + (7 - 27) - (2 + -30).
18
What is (-5 - (3 + (-13 - -4))) + -6 - -4?
-1
-17 - (-45 + 28) - (-20 - -3)
17
What is (18 - (22 - -1)) + 2 + 6 - -6?
9
-18 - (71 + -70 + (-1 - 2)) - -6
-10
0 + 0 + (-18 - (4 - 5)) + 16
-1
Calculate 107 + -95 - (2 - -5).
5
What is (-5 - -2 - -32) + -4?
25
-15 + 9 + -22 - -47
19
Calculate -9 + 7 - 15 - -10 - -10.
3
-1 + -6 + -4 + -5 + 8 + -1
-9
Calculate 0 + 5 + -3 - (75 - 78).
5
-51 + 30 + (-4 - -4 - -5) + -3
-19
What is the value of -24 + -5 + 27 + -14?
-16
Calculate -29 + (26 - 22) + 17.
-8
What is 5 + 12 - 34 - -6?
-11
What is the value of (6 + -2 - 10) + (-3 + 2 - -2)?
-5
What is -1 + -1 - (-1 + (-4 - -18) + -2)?
-13
What is 0 + 37 + (5 - 34)?
8
What is 8 - 17 - (34 - 41 - (-1 + -6))?
-9
6 + (-6 - (-9 + 17)) - (-10 + 3)
-1
Evaluate (13 - 1) + 8 + -3 + -5.
12
Calculate (-54 - -56) + -2 + -3.
-3
Evaluate -21 - -79 - 29 - 17.
12
What is the value of (-8 - -5) + -11 + 13 + 10?
9
Calculate 17 + (-9 - (-3 - 8)).
19
What is the value of -7 + -1 - (2 + (0 - 5) + -10)?
5
20 - (-34 - (20 + -101))
-27
What is the value of -6 + 11 + (-7 - -5)?
3
Calculate 14 + (-16 - 12) + (3 - 4) + -7.
-22
Calculate (-9 - -6) + (11 - 12) - -8.
4
Evaluate -18 + 5 + (-7 - 1 - (-46 - -43)).
-18
2 + (4 - -9) + (1 - 6) + -6
4
What is -8 + (4 - -6 - 11)?
-9
What is the value of -10 + (5 - 18) + 14?
-9
What is 0 + 7 + (-5 - (8 + 1 - 7))?
0
What is the value of 9 + 6 - (46 - 24) - (3 - 21)?
11
10 + 1 + (-25 - (-13 - -9))
-10
What is the value of 22 + 2 + (-4 - 12) + -3?
5
Evaluate -19 + (6 - -6) + (5 - 3) + 4.
-1
Evaluate (-5 - -4 - 3 - -9) + -6.
-1
-7 + (-6 - -5 - -3) + 3 - 0
-2
What is 0 + (0 + -9 - (-9 - -1 - -5))?
-6
What is -6 - 0 - (15 + (-16 - -7) + 0)?
-12
(-33 - -72 - 10) + -8 + -2
19
Calculate -3 - ((2 - 8) + (-7 - -2)).
8
-10 - (-1 + 5) - (2 + 3 - -2)
-21
What is -1 - 1 - -3 - (249 - 249)?
1
What is -3 - (3 + 2 - 13)?
5
Evaluate (154 - 152) + (2 - (12 - 2)).
-6
-16 - (-55 - (-19 - 0))
20
What is -46 + 21 - (-1 + -3 + (-4 - -1))?
-18
What is -1 - (1 - 12) - (-104 + (119 - 20))?
15
Evaluate -32 - -42 - (3 + -4 + 8).
3
What is 1 + 14 + -55 + 28?
-12
Evaluate 30 + (-4 - (15 - 4)).
15
What is 8 - 1 - 0 - 12?
-5
What is 5 - ((15 - (-9 - (1 + -19))) + -16)?
15
What is 24 + -42 - -27 - -10?
19
What is 17 - (-16 + 21 - -4) - (2 - -16)?
-10
Evaluate -95 + 76 - (2 - 13).
-8
1 - (3 - 10) - (-4 - (-16 - -8))
4
What is the value of -21 - (-13 + (11 - 23))?
4
What is (23 - 8) + -6 - -4 - 18?
-5
Evaluate 4 - 43 - (-169 + 140).
-10
Evaluate (-9 - (30 - 28)) + 44.
33
What is the value of 8 + -1 + (-6 - (-14 + 19))?
-4
Calculate (-19 - 7) + 15 - (-2 - -17).
-26
What is the value of 9 + -13 + 10 - -6?
12
Calculate 8 - (14 + 6 + (3 - 17)).
2
Evaluate (-32 - -43) + (7 - -3) + -2.
19
What is the value of 30 + -35 + -3 + 38?
30
8 - 5 - (12 